{"id":68,"date":"2019-02-05T21:18:14","date_gmt":"2019-02-06T02:18:14","guid":{"rendered":"https:\/\/lavigueurcpa.com\/?page_id=68"},"modified":"2026-02-24T13:51:25","modified_gmt":"2026-02-24T18:51:25","slug":"contacts","status":"publish","type":"page","link":"https:\/\/lavigueurcpa.com\/?page_id=68","title":{"rendered":"Contact"},"content":{"rendered":"\n<h2 class=\"wp-block-heading\">Lavigueur CPA Inc.<\/h2>\n\n\n\n<div class=\"wp-block-group\"><div class=\"wp-block-group__inner-container is-layout-constrained wp-block-group-is-layout-constrained\">\n<p>339 Boulevard de La Salette<br>Saint-J\u00e9r\u00f4me, Qu\u00e9bec<br>J5L 2H8<\/p>\n\n\n\n<p>T\u00e9l\u00e9phone: (450) 431-2321<br>T\u00e9l\u00e9copieur: (450) 431-2689<\/p>\n\n\n\n<p><\/p>\n\n\n\n<p>Tenue de livres: <a href=\"http:\/\/r\u00e9ception@lavigueurcpa.com\">r\u00e9ception@lavigueurcpa.com<\/a><\/p>\n\n\n\n<p>Pr\u00e9parateurs des d\u00e9clarations d&rsquo;imp\u00f4ts et documents fiscaux clients \u00e0 nous transmettre: <a href=\"mailto:imp\u00f4ts@lavigueurcpa.com\">imp\u00f4ts@lavigueurcpa.com<\/a><\/p>\n<\/div><\/div>\n\n\n\n<p>Linda Lavigueur, CPA , Associ\u00e9e principale:  <a href=\"mailto:linda@lavigueurcpa.com\">linda@lavigueurcpa.com<\/a><\/p>\n\n\n\n<p class=\"has-medium-font-size\"><\/p>\n\n\n\n<h2 class=\"wp-block-heading\">Heures d&rsquo;affaires pour la saison d&rsquo;imp\u00f4ts : \u00e0 compter du 9 mars 2026<\/h2>\n\n\n\n<p>Lundi 9h00-16h30 \/ Mardi 9h00-16h30<br>Mercredi 9h00-16h30 \/ Jeudi 9h00-18h30<br>Vendredi 9h00-17h00 \/ Samedi et Dimanche <strong>FERM\u00c9<\/strong><\/p>\n\n\n\n<p>P\u00e9riode d\u00eener <strong>FERM\u00c9<\/strong> 12h00-13h00<\/p>\n\n\n\n<p><\/p>\n\n\n\n<h2 class=\"wp-block-heading\">\u00c0 compter du 1er mai 2026 nos heures d&rsquo;affaires r\u00e9guli\u00e8res sont:<\/h2>\n\n\n\n<p>Lundi au jeudi    9h00- 16h30    \/   Vendredi 9h00-13h00<br>Samedi et Dimanche <strong>FERM\u00c9<\/strong><\/p>\n\n\n\n<p>P\u00e9riode d\u00eener <strong>FERM\u00c9<\/strong> 12h00-13h00<\/p>\n\n\n\n<h3 class=\"wp-block-heading\"><strong><em>Bureau fermeture<\/em><\/strong><\/h3>\n\n\n\n<h3 class=\"wp-block-heading\">Vacances estivales du 20 juillet 2026 au 3 ao\u00fbt 2026 inclusivement.<\/h3>\n\n\n\n<h3 class=\"wp-block-heading has-text-align-left\">Cong\u00e9 des f\u00eates Noel 2026 et Nouvel An 2027 du 23 d\u00e9cembre 2026 au 4 janvier 2027 inclusivement.<\/h3>\n","protected":false},"excerpt":{"rendered":"<p>Lavigueur CPA Inc. 339 Boulevard de La SaletteSaint-J\u00e9r\u00f4me, Qu\u00e9becJ5L 2H8 T\u00e9l\u00e9phone: (450) 431-2321T\u00e9l\u00e9copieur: (450) 431-2689 Tenue de livres: r\u00e9ception@lavigueurcpa.com Pr\u00e9parateurs des d\u00e9clarations d&rsquo;imp\u00f4ts et documents fiscaux clients \u00e0 nous transmettre: imp\u00f4ts@lavigueurcpa.com Linda Lavigueur, CPA , Associ\u00e9e principale: linda@lavigueurcpa.com Heures d&rsquo;affaires pour la saison d&rsquo;imp\u00f4ts : \u00e0 compter du 9 mars 2026 Lundi 9h00-16h30 \/ Mardi [&hellip;]<\/p>\n","protected":false},"author":1,"featured_media":0,"parent":0,"menu_order":10,"comment_status":"closed","ping_status":"closed","template":"","meta":{"footnotes":""},"class_list":["post-68","page","type-page","status-publish","hentry"],"_links":{"self":[{"href":"https:\/\/lavigueurcpa.com\/index.php?rest_route=\/wp\/v2\/pages\/68","targetHints":{"allow":["GET"]}}],"collection":[{"href":"https:\/\/lavigueurcpa.com\/index.php?rest_route=\/wp\/v2\/pages"}],"about":[{"href":"https:\/\/lavigueurcpa.com\/index.php?rest_route=\/wp\/v2\/types\/page"}],"author":[{"embeddable":true,"href":"https:\/\/lavigueurcpa.com\/index.php?rest_route=\/wp\/v2\/users\/1"}],"replies":[{"embeddable":true,"href":"https:\/\/lavigueurcpa.com\/index.php?rest_route=%2Fwp%2Fv2%2Fcomments&post=68"}],"version-history":[{"count":67,"href":"https:\/\/lavigueurcpa.com\/index.php?rest_route=\/wp\/v2\/pages\/68\/revisions"}],"predecessor-version":[{"id":394,"href":"https:\/\/lavigueurcpa.com\/index.php?rest_route=\/wp\/v2\/pages\/68\/revisions\/394"}],"wp:attachment":[{"href":"https:\/\/lavigueurcpa.com\/index.php?rest_route=%2Fwp%2Fv2%2Fmedia&parent=68"}],"curies":[{"name":"wp","href":"https:\/\/api.w.org\/{rel}","templated":true}]}}